 - 10. Let h(s) = -2*s**2 - 5*s + 9. Let i(q) = -3*d(q) - 4*h(q). Calculate i(f).
9
Let m(g) be the first derivative of -6*g + 2*g**3 + 5/2*g**2 + 3 + 1/4*g**4. Calculate m(-5).
-6
Let y(b) = b**2 + 5*b - 3. Let c = -10 + 5. What is y(c)?
-3
Suppose -18 = 4*h - 98. Suppose 2*l - 3*l + 2 = p, -4*l = -2*p - h. Let a(r) = -r**2 + 6*r - 4. What is a(l)?
4
Let m(l) be the third derivative of -3*l**2 + 0*l - 1/30*l**5 - 1/12*l**4 + 1/3*l**3 + 0. What is m(-2)?
-2
Let v(f) = 4*f + f - 2*f - f - 1. Determine v(4).
7
Suppose -4*i = -2*i - 2. Let t(p) = p**2 + p. Let k(g) = -9*g**2 - 3*g. Let y(c) = k(c) + 4*t(c). Determine y(i).
-4
Let o = 6 - 1. Suppose o + 25 = 5*v. Let d(l) = 2*l - 7. What is d(v)?
5
Let k(i) = -4 + 4*i - 28*i**3 - 7*i**2 + 29*i**3 - i. What is k(6)?
-22
Let x(y) = y**3 + 4*y**2 - 2*y - 6. Suppose 2*l + 3*b - 9 = 0, 3*b = -2*l + 5*b + 14. Suppose l - 2 = p. Suppose 0 = s - 1 - p, 28 = -2*c + 4*s. Calculate x(c).
2
Let m(w) be the first derivative of -w**3/3 + 9*w**2/2 - 9*w + 25. Give m(7).
5
Suppose -t + 5*i + 27 = 8, 3*t = 5*i + 27. Let n(a) = -a + 3. Calculate n(t).
-1
Let s(r) = r**3 - 7*r**2 + 7*r. Suppose 3*g = -g + 60. Let x be 70/g + 1/3. Suppose -5*h - 2*i = -28, x*h - 27 = -i + 2. Give s(h).
6
Let b = 2 + 3. Let d(n) = -n + b*n - 1 - n - n. What is d(-2)?
-5
Let s(x) = -x**2 - 7*x + 2. Suppose 17 = -3*o - 4. Let q be s(o). Let m(z) = 2*z - 3. Calculate m(q).
1
Let l be -8 - -1 - (-4 + 1). Let t(b) = -b**2 - 6*b - 7. Give t(l).
1
Suppose 0*b + 2*y = -5*b - 33, 4*b - 3*y + 8 = 0. Let j(z) = z**3 + 6*z**2 + 8*z + 4. Give j(b).
-11
Let t(k) = k - 1. Let r(a) = -2*a + 1. Let h(p) = -3*r(p) - 4*t(p). Determine h(1).
3
Let p(n) = 0*n - 2*n - n**3 + 3*n - 2 + 2*n**2. What is p(3)?
-8
Let p(w) = -w - 12*w**2 - 6*w + 4 + w + 11*w**2. Calculate p(-6).
4
Let x(s) = -2*s - 3. Suppose 5*u - 3*z - 22 = -2*z, -z = -u + 2. What is x(u)?
-13
Let h(r) = 5*r**3 - 2*r**2 + r. Suppose -g = g + 12. Let f(c) be the second derivative of -c**3/6 - 5*c**2/2 - c. Let a be f(g). Give h(a).
4
Let i(c) = 5 + 4*c**2 - 4 + c + 2*c**3 - 5*c**2. Give i(-1).
-3
Let q(t) be the first derivative of -t**5/60 - t**4/12 - 2*t**3/3 + t**2/2 + 4. Let y(l) be the second derivative of q(l). What is y(-3)?
-7
Let g be (-8)/(-10)*(-105)/(-42). Let d(i) = -2*i - 1. What is d(g)?
-5
Let s = 3 - 1. Let u(n) = 1 + s*n**2 - n + n**3 - 1. Determine u(-3).
-6
Let k(w) = w**2 - 2*w + 6. Let v be k(3). Let p = 12 - v. Let z(q) = -q**3 + 4*q**2 - 2*q + 3. Give z(p).
6
Let a be 0 + 0 + 0 + 4. Suppose -2*l + p - a = 0, p = 5*p - 16. Let z(f) = -f - 8. Determine z(l).
-8
Let u = 12 + -9. Suppose -u*s - 35 = 4*s. Let y(d) = -4 - 6*d**2 + 7 + 2 - d**3 - 5*d. Give y(s).
5
Let c(x) = -4*x**2 + 0*x**2 - 1 + 2*x**2. Let k(m) = -2*m + 2. Let s be k(-3). Let y(p) = p - 9. Let q be y(s). What is c(q)?
-3
Suppose -15 = 5*w, 5*x + 50 = -4*w + 13. Let n(k) = 3*k + 6. What is n(x)?
-9
Let k = -5 - -7. Let u(z) = 5 + 5*z - 4*z - k. Give u(3).
6
Let v be 4/(-10) - 12/(-5). Suppose v = h + 4. Let k(y) = -6*y - 2. What is k(h)?
10
Suppose q + d = 4, 4*d - 13 = -4*q + d. Let x(i) be the second derivative of -i**5/4 - i**4/12 - i. Give x(q).
-6
Let x(i) = -i**3 - 4*i**2 - 3 + 0 + 2. Let y be (-4)/(-14) - 30/7. Determine x(y).
-1
Let y(q) be the third derivative of q**6/120 + q**5/60 + q**4/8 + q**3/6 - 9*q**2. What is y(-2)?
-9
Let g(o) = 5*o**2 - 7*o - 4. Let b(j) = j**2 - 1. Let i(f) = 4*b(f) - g(f). Suppose 0 = -5*a + 11 + 14. Calculate i(a).
10
Let b(w) = 5*w**3 - w**2 - 2*w - 1. Let s(i) = -i**3 - 6*i**2 - 5*i - 1. Let f be s(-5). Give b(f).
-5
Suppose -12*x + 17*x = -10. Let o(q) = -3*q**2 + 2. Let p(c) = 9*c**2 - c - 7. Let v = -5 + -2. Let f(h) = v*o(h) + x*p(h). Determine f(-2).
8
Let n(m) = 6*m + 2. Let g(j) = -j - 1. Let s(h) = -3*g(h) - 3*n(h). Let p(u) = -8*u - 2. Let x(r) = -11*p(r) + 6*s(r). Let w = -256 + 261. Give x(w).
-6
Let c(h) = -h**3 - 4*h**2 + 4*h - 4. Suppose 2*i + 3 = -u - 3, 0 = 3*i + 9. Suppose u*t + 4*t + 20 = 0. Determine c(t).
1
Suppose 4*b + p = 12, 5*b - 2*p = 4*b + 3. Let k(t) = t + 41*t**b + 3*t**2 + 1 - 4*t**2 - 33*t**3. Determine k(-1).
-9
Let w(b) = b - 2. Let y be 3/(-1 + -2) - -3. Let x be w(y). Suppose x*m = -m + 2. Let l(k) = 5*k - 2. Give l(m).
8
Let z(v) = -5 - 4 - 3*v + 1 + 4*v. What is z(4)?
-4
Let j(w) = 3*w + 1. Let y = 4 + -2. Determine j(y).
7
Let d(k) = -8*k + 6. Let x be d(0). Let z(j) = -j**2 + 7*j - 4. Give z(x).
2
Suppose 0 = 3*a + a - 64. Suppose -5*o + 2 = -2*n + 10, 4*n - a = -5*o. Let p(w) = -5 + 2 + o*w**2 + w**2 + w + 0*w**2. What is p(-3)?
3
Let t(z) = z**3 - 3*z**2 - 4*z + 3. Suppose 4 = 23*s - 21*s. What is t(s)?
-9
Let a(c) = c**2 + 5*c + 3. Suppose t - 1 = 4*b - 14, 3*t + 5*b = -5. Give a(t).
3
Let y(f) = -3*f**3 - 4*f**2 - 5*f + 5. Let p(m) = m**3 + m**2 + m - 1. Let o(u) = 4*p(u) + y(u). What is o(1)?
1
Suppose -q = -2*q - 6. Let j(c) = c - 7. Let z(h) = h - 6. Let k(m) = q*z(m) + 5*j(m). Determine k(-1).
2
Let y(o) = o**2. Let z(i) = 6*i + 8*i**2 - i - 1 - 10*i**2. Let l(j) = -3*y(j) - z(j). Determine l(-5).
1
Let o be 132/(-30) - (-9)/(-15). Let h(v) = v**2 + 5*v + 7. What is h(o)?
7
Let d(f) = -2*f**2 + f**3 + 4*f**2 + f**2 - 1 - 1 + 3*f. Suppose 5*z = 4*g - 4 + 1, -3*z = -g + 6. Give d(g).
-11
Let p(v) = 2*v + 5. Suppose 0 = 2*a + a - 6. Suppose 5*t + 5*d + 5 = 0, -4*d + 1 = a*t - 3*t. Let g(q) = q + 1. Let z(m) = t*p(m) + 3*g(m). Calculate z(-5).
-7
Let y = 3 + -3. Let m be (1 + 3 + y)*-1. Let f(h) = -2*h**2 - 5*h + 3. What is f(m)?
-9
Let q(x) = 3*x**2 + 11. Let a(b) = b**2 + 4. Let z(l) = -8*a(l) + 3*q(l). Let n be z(2). Let r(f) = f**3 - 6*f**2 + 6*f + 6. Calculate r(n).
11
Let p(b) = -b + 1. Let z be p(-7). Let s(a) = 0*a - z*a + 8 + a**2 - a. Calculate s(6).
-10
Let w(p) = -p**2 - 15*p - 20. Let i be w(-13). Let x(y) be the second derivative of -y**4/12 + 5*y**3/6 + y**2/2 + y. Determine x(i).
-5
Let q(u) be the first derivative of u**2 + u + 32. Give q(-1).
-1
Suppose 0*s - 3*s + 6 = 0. Suppose s*w = 2, u + u - 4 = 2*w. Let y(k) = k**3 - 4*k**2 + k + 3. What is y(u)?
-3
Let c(w) = -w**2 + 7*w + w - 8*w. Let r(a) = -a**2 - a - 1. Let o be r(-1). Determine c(o).
-1
Suppose 2*x = -0*b + 3*b - 43, -9 = -3*b. Let i(t) = -14*t + 16. Suppose r + 12 = 3*r. Let v(w) = -5*w + 5. Let z(q) = r*i(q) + x*v(q). Give z(-5).
6
Let k(f) be the first derivative of f**4/4 + 5*f**3/3 - 2*f**2 + 4*f + 14. Determine k(-6).
-8
Let b(j) be the third derivative of 0*j**3 + 0 - 1/24*j**4 + 3*j**2 + 0*j. Give b(2).
-2
Let a(w) = -3*w - 10. Let r be 296/(-32) - 2/(-8). Determine a(r).
17
Let r(d) = d + 2. Let u(j) = j**2 + 4*j + 2. Let t be u(-3). Let m be 6*((-3)/(-2) + t). Give r(m).
5
Let j(r) = r - 6. Let d be j(10). Let c(q) = 0*q - 2*q + 3 + 4*q - 1. What is c(d)?
10
Let p(z) = z**3 + 2*z**2 - 2*z + 3. Suppose 0 = -3*o + 3, 2*o + 3*o + 7 = -4*f. Calculate p(f).
0
Let y(w) be the third derivative of -w**5/12 - w**4/12 + w**3/6 + 14*w**2. Calculate y(1).
-6
Let r(a) be the third derivative of -a**5/60 + 11*a**4/24 - a**3 + 3*a**2 + 8*a. Determine r(11).
-6
Let v be 0 - (0 - -2) - 1. Let a be v/18 - 31/(-6). Suppose r = -a + 3. Let l(x) = x**2 + 2. Calculate l(r).
6
Suppose 10 = 2*x - 0. Let f(i) = 1 + 94*i - 47*i - 49*i. Determine f(x).
-9
Let r(x) = -4 - 5*x - 5*x + 2 + 3. Suppose 6*q - 3*q + 4*t + 5 = 0, -3*q + 2*t + 7 = 0. Determine r(q).
-9
Let n be 57/38*(-10)/(-3). Let v = n - 7. Let g(b) = -b**2 - 3*b. Give g(v).
2
Let i(v) be the second derivative of -v**4/3 - v**3/6 + 8*v. Determine i(-1).
-3
Let g(y) = y**3 + 4*y**2 - y. Let x(i) = i**2 + 0*i**2 - 25 - i + 8 + 6*i. Let c be x(-7). What is g(c)?
12
Suppose 0 = -4*m - 19 - 1. Let r(b) = -b**2 - 5*b + 7. What is r(m)?
7
Let r(m) = m - 1. Let i(j) = -j**2 - j - 8. Let k(l) = -i(l) + 5*r(l). Give k(-7).
10
Let k(m) = -m - 1. Suppose -5*b - 5 = 4*q, 2*b = 2*q - 4 + 2. Calculate k(q).
-1
Let d(t) be the third derivative of -t**5/20 - t**4/12 - t**3/6 - 3*t**2. Calculate d(-2).
-9
Let c be (-2 - -6*1) + -2. Suppose 2*a - c = -0*a. Let w(l) = -l**2 - 1. Calculate w(a).
-2
Let l(k) = -k**3 + 8*k**2 - k + 6. Let i be l(8). Let z be -6*(-1)/i - 0. Let d(c) = 2*c**2 + 3*c - 4. Determine d(z).
5
Let f(a) = -3*a**3 - 5*a**2 - 4*a. Let j(g) = 4*g**3 + 5*g**2 + 5*g - 1. Let p(b) = -3*f(b) - 2*j(b). 